 + 3*f - 660. What is the greatest common divisor of l and 1122?
66
Let a(w) = w**3 + 15*w**2 + 14*w - 3. Let c be a(-14). Let z be (4 + c)*50 - -2. Suppose 0 = 3*m + 28 - 106. What is the highest common factor of z and m?
26
Let z be ((-73)/(-3))/(1/3). Suppose 1180 = 32*u + 284. Let c = z - u. What is the greatest common divisor of 15 and c?
15
Let y(v) = v**2 + 14*v + 52. Let s be y(-8). Suppose -s*i + 3*i + 926 = 5*h, -i + 929 = 2*h. What is the highest common factor of 19 and i?
19
Let i(k) = -k**2 - 433*k + 443*k - 4 + 10. Let l be (-41)/(-6) + 1/6. Let h be i(l). Calculate the greatest common factor of h and 108.
27
Let s be ((-48)/(-96))/((3/(-10))/(12/(-5))). Let z = 43 - 17. Suppose -2*u + b + 26 = 0, -2*b - 3*b = 3*u - z. Calculate the greatest common factor of s and u.
4
Let l = -20 - -80. Let p be (-1 - 5/(-2))/((-4)/(-8)). Suppose p*n = 46 - 1. What is the highest common divisor of l and n?
15
Suppose 5*f + f = 36. Let m be (-10)/(-15) + 74/f. Calculate the highest common factor of 221 and m.
13
Suppose 784*y - 785*y + 27 = q, 3*q - 3*y - 87 = 0. Let v = -200 - -508. What is the highest common factor of q and v?
28
Suppose 3*q - 28 = 86. Suppose -o = -58 - q. Calculate the highest common divisor of o and 64.
32
Let i(c) = -7*c - 119. Let m be i(-19). Suppose m*u - 20*u + 54 = 0. What is the highest common divisor of 117 and u?
9
Let r(z) = 13*z**2 + 25*z - 8. Let i be r(-3). Suppose -3*o + 24 = -6*o. Let w be 60/o*68/(-6). Calculate the greatest common divisor of i and w.
17
Suppose -3*f = -3*z + 20904 + 2274, -3*z = -f - 23186. What is the greatest common factor of z and 10?
10
Suppose -6*z = -a - 86071, -4*z - 3*a = -70062 + 12707. Calculate the greatest common factor of 11 and z.
11
Let h = 136 + -134. Let b(w) = 5*w**3 - 2*w**2 + 2*w + 2. Let t be b(h). Calculate the highest common divisor of t and 1216.
38
Let t(n) = 6*n**2 - 38*n + 285. Let x be t(9). Calculate the greatest common divisor of x and 6.
3
Let j = -409 + 237. Let z = 94 - j. Let m be 3316/92 - -2 - (-9)/(-207). What is the greatest common divisor of z and m?
38
Suppose 0 = -2*h - 5*w + 272, 4*w - 9*w - 166 = -h. Let s = h - 106. Calculate the greatest common divisor of 360 and s.
40
Suppose 4*v = -p + 97, -101 = -346*v + 342*v - 5*p. What is the greatest common factor of 339 and v?
3
Suppose -1021 = -4*z + 71. Suppose 25*t = 4*t + z. What is the highest common divisor of 13 and t?
13
Let j(g) = 1656*g - 5326. Let z be j(4). Calculate the highest common divisor of z and 110.
22
Suppose 0 = -4*c - 12*h + 924, 852 = 4*c + 7*h - 3*h. Let f(y) = 20*y**2 - 3*y - 2. Let i be f(-2). Calculate the greatest common divisor of c and i.
12
Let d(c) = c**3 - 31*c**2 + 29*c + 35. Let g be d(30). Suppose -4*a + 72 = g*w, 0 = -0*a - a - 2. What is the greatest common factor of 184 and w?
8
Let m(d) = d**2 + 14*d - 45. Suppose 50 = -4*z + 4*o - 38, 75 = -5*z - 2*o. Let r be m(z). Calculate the greatest common factor of r and 42.
6
Let v = 1033 + -1032. Suppose -3*h - 2 = 2*g - g, 5*h + 4 = -g. Let c be (-3 + 5)*h/(-2). Calculate the greatest common factor of v and c.
1
Let g = 821 - 1384. Let n = 591 + g. What is the greatest common factor of n and 10?
2
Suppose y = 27 - 3. Let g be (280/(-350))/((-2)/5040). Suppose -5*q = -17*q + g. Calculate the highest common factor of q and y.
24
Let o = 2693 + -2342. Calculate the highest common factor of o and 26.
13
Let l(s) = -3*s**3 + 2*s**2 + 36*s + 103. Let y be l(-5). What is the greatest common divisor of y and 396?
12
Let y be (4/1 - 4)*(3 + -4). Suppose y = 22*k - 15*k - 140. Calculate the highest common factor of k and 320.
20
Let s be 2023/14 + 9/(-6) + -10. Calculate the greatest common divisor of s and 1919.
19
Suppose -19*u + 7295 = 5528. What is the highest common divisor of 18600 and u?
93
Suppose 3*x - 34*u - 33350 = -33*u, -3*x - 5*u = -33320. Calculate the greatest common factor of x and 39.
39
Let v = 2337 - 2306. Let u(l) = 46*l**2 - 2*l. Let z be u(3). Suppose z - 129 = 3*n. Calculate the greatest common factor of v and n.
31
Suppose 0 = 103*y - 98*y - 14*z - 4636, 5*z = -5*y + 4560. What is the highest common factor of 5725 and y?
229
Let y be (11 + (-1782)/90)*(1 - (-21)/(-6)). What is the greatest common factor of 1177 and y?
11
Suppose 0 = -22*k - 205 + 1261. Calculate the greatest common divisor of k and 352.
16
Suppose -5*r = 4*v - 83, -v - 4*v - r = -109. Let a = 3466 + -3323. Calculate the greatest common factor of v and a.
11
Let t(s) be the third derivative of -17*s**4/24 - 37*s**3/6 + 7*s**2 + 5. Let a be t(-4). What is the greatest common factor of a and 248?
31
Suppose 0 = 2*y + 2*s + 358, -y - y + 5*s = 330. Suppose -12*x + 1525 - 2653 - 3564 = 0. Let v = y - x. What is the highest common factor of 24 and v?
24
Suppose 0 = 5*u - 2*u - 174. Let c be 8/(-10)*290/(-4). Calculate the highest common factor of c and u.
58
Suppose -153*v + 1253 = -42352. What is the greatest common factor of 4655 and v?
95
Suppose -b = 2*j - 37, 1330*b - 1327*b = -j + 46. Suppose 0 = -4*n - 787 + 1975. Calculate the greatest common factor of b and n.
11
Suppose 2*j - 71 = -5*l, 0 = 4*l - 10 - 18. Let x be (18 + 0)*(-39)/(-9). Let r = x + -42. What is the highest common divisor of r and j?
18
Suppose -4*s + 39130 - 113709 = -111*s. What is the highest common divisor of 17 and s?
17
Let n be (-532)/304 - (-223)/4. What is the highest common divisor of 450 and n?
18
Suppose -3*y = -5*y + 22. Let i be ((-2)/(-5) + 16/10)*y. Suppose 0*k - 32 = -4*k - 4*o, 3*k + 4*o - i = 0. What is the greatest common factor of k and 50?
10
Let f = -20296 - -22101. Calculate the highest common factor of f and 9747.
361
Let k(h) = h**2 + 34*h + 513. Let n be k(-17). What is the highest common factor of n and 1024?
32
Suppose -389*o + 390*o = 368. Let n be 1 + 3 + 1 + -4. Let m be n + 0 - 2/(10/(-225)). Calculate the greatest common divisor of o and m.
46
Let y(j) = -7*j - 3. Let t be y(-3). Let r(o) = o**3 - 16*o**2 + 145*o - 841. Let z be r(10). Calculate the greatest common factor of t and z.
9
Suppose 0 = 2*f - 66 - 18. Let c(a) = a + 1. Let x(y) = 31*y - 6. Let u(v) = -3*c(v) - x(v). Let z be u(-3). Calculate the greatest common factor of f and z.
21
Let a = -4826 + 4852. Suppose s = -2*b + 3*b + 125, -5 = -b. Suppose -z - z = -s. What is the highest common divisor of z and a?
13
Suppose 3*f + 4*h = 88, -h + 5*h = -f + 16. Let j = -52300 + 52336. What is the highest common factor of f and j?
36
Let l = 6009 - 5160. What is the highest common factor of 24 and l?
3
Suppose -17 = q - 3*l - 68, -2 = -2*l. Suppose q*b - 20 = 53*b. What is the greatest common factor of b and 25?
5
Suppose -38*w - 24540 = -43*w. Calculate the greatest common factor of w and 12.
12
Suppose -420*s - 117*s + 469 + 68 = 0. Let w(a) = -a - 3. Let d be w(0). Let p = d - -4. Calculate the highest common factor of p and s.
1
Suppose -5*w + 502 = -i + 494, i = 2*w + 16. Calculate the greatest common divisor of i and 10888.
8
Let l(n) = -19*n - 41. Let h(g) = g**2 - 2*g - 7. Let a be h(3). Let z be l(a). Calculate the highest common divisor of 385 and z.
35
Suppose 4*c = -0*c + 264. Suppose -4*f + 44 = 2*l, -3*l + 0*l + c = -2*f. Let p = -4057 - -4145. Calculate the highest common factor of p and l.
22
Suppose -4*b - 12 = -28. Suppose b*c = -20, 6*w - 2*w = -5*c + 199. Suppose u - 5*u - j = -99, -3*u + 75 = j. Calculate the greatest common divisor of w and u.
8
Suppose -4384*m + 29696 = -4380*m. Calculate the greatest common factor of 29 and m.
29
Suppose -11 + 17 = c. Suppose 47 = c*m - 25. Suppose -2*v + 2*i = -2 - 2, 0 = 3*v + 3*i - m. What is the greatest common divisor of 6 and v?
3
Suppose -2*g + 67790 = 5*s, 3*g + 12 = -3. Calculate the greatest common factor of s and 24.
24
Let p = 15 - 3. Let d = 147 - 142. Suppose -p*g + 126 = -d*g. Calculate the highest common divisor of 162 and g.
18
Let f(g) = 6*g**2 - 56*g - 288. Let h be f(-6). What is the highest common divisor of 1408 and h?
88
Let s be ((-4)/(-20) + (-663)/15)*-1. Suppose -46*r + s*r = -2*c - 1150, -2*c + 2300 = 4*r. Calculate the highest common divisor of 23 and r.
23
Let w = -13227 - -13243. What is the highest common factor of 8048 and w?
16
Suppose 477 = 3*n + 4*v + v, 0 = 2*n + 5*v - 313. Suppose -4*x 